e d(-46).
714
Let v(g) = -59015*g + 1180339. Determine v(20).
39
Let d(c) = -5327*c - 16526. Calculate d(-3).
-545
Let r(v) = -6*v**3 - 455*v**2 + 87*v + 779. Calculate r(-76).
-57
Let o(p) = -p**3 + 106*p**2 + 1049*p + 57. Calculate o(115).
1667
Let v(o) = -233*o**2 - 6311*o - 543. Calculate v(-27).
-3
Let d(n) = -21138*n - 21131. Determine d(-1).
7
Let t(z) = -2*z**3 - 29*z**2 + 716*z + 49. Calculate t(15).
-2486
Let o(r) = r**3 - 21*r**2 + 16*r + 1176. What is o(12)?
72
Let h(f) = -5*f**2 - 325*f + 5555. Give h(14).
25
Let a(k) = k**3 + 321*k**2 - 14837*k + 1854. What is a(-362)?
44
Let f(g) = -8*g**2 - 34637*g - 276585. Give f(-8).
-1
Let g(q) = 3*q**3 - 153*q**2 + 1210*q - 61646. Calculate g(51).
64
Let v(c) = -6361*c + 39257. Calculate v(6).
1091
Let p(u) = -3*u**3 - 30*u**2 - 26*u - 352. Calculate p(-10).
-92
Let m(q) = 3435*q + 357092. Determine m(-104).
-148
Let b(f) = 8742*f - 349699. Calculate b(40).
-19
Let v(l) = -l**2 + 1240*l + 633611. Determine v(-389).
-70
Let h(u) = -12*u**2 - 1849*u - 34973. Determine h(-132).
7
Let b(a) = 80*a**3 - 11202*a**2 + 184*a + 13448. What is b(140)?
8
Let y(h) = -34078*h - 1908365. Determine y(-56).
3
Let g(q) = 6*q**2 - 10284*q - 30867. Determine g(-3).
39
Let x(r) = 76*r**2 - 387*r - 1511. What is x(-4)?
1253
Let q(l) = 10*l**2 - 2447*l - 26269. Give q(255).
-4
Let q(d) = 250*d + 65422. Give q(-263).
-328
Let m(c) = -c**2 + 377*c + 125679. What is m(-213)?
9
Let s(c) = -68*c**2 - 1295*c - 92. Determine s(-19).
-35
Let d(m) = -174031*m - 174293. Determine d(-1).
-262
Let r(a) = -a**3 + 342*a**2 - 6476*a + 725. Determine r(20).
5
Let s(g) = g**3 + 16*g**2 - 409*g - 69. What is s(-30)?
-399
Let d(r) = 126357*r - 126265. Calculate d(1).
92
Let d(f) = 5*f**2 - 277*f + 3810. Determine d(26).
-12
Let a(k) = -k**3 + 4*k**2 + 53*k - 717. Determine a(11).
-981
Let q(y) = 1487*y + 29728. What is q(-20)?
-12
Let w(t) = t**2 + 43545*t - 11169000. Calculate w(255).
0
Let x(l) = -36*l**2 + 1692*l - 180. Give x(46).
1476
Let m(w) = -w**3 - 8*w**2 - 35*w + 21. What is m(-9)?
417
Let b(g) = g**2 + 95*g - 220. Determine b(-93).
-406
Let h(z) = -7133*z + 228255. Calculate h(32).
-1
Let y(o) = -o**3 + 19*o**2 + 100*o + 1981. What is y(26)?
-151
Let t(m) = -m**3 - 52*m**2 + 4223*m - 5935. Determine t(43).
-1
Let h(k) = -2*k**3 + 1615*k**2 - 26083*k - 15833. Determine h(791).
-13
Let m(i) = -7*i**3 + 414*i**2 - 851*i - 249. Determine m(57).
-21
Let n(q) = -229*q**2 + 5190*q + 5191. Give n(-1).
-228
Let p(j) = j**3 - 166*j**2 + 1422*j - 1365. Give p(157).
48
Let f(o) = -14*o**2 - 447*o + 16637. Determine f(22).
27
Let m(x) = -35446*x + 319017. What is m(9)?
3
Let x(d) = -162*d + 4425. Give x(14).
2157
Let i(z) = -z**3 + 901*z**2 + 4614*z + 314. Calculate i(-5).
-106
Let r(l) = -153*l**2 + 422*l - 210. Give r(2).
22
Let m(h) = h**3 + 118*h**2 + 152*h + 4111. Calculate m(-117).
16
Let p(f) = 13444*f + 860378. Determine p(-64).
-38
Let t(f) = -f**2 - 172*f + 847. Calculate t(-179).
-406
Let k(p) = -32*p**3 - 1160*p**2 + 4658*p + 20. Determine k(4).
-1956
Let y(u) = -2*u**3 + 16*u**2 + 14*u - 368. What is y(11)?
-940
Let h(x) = -11976*x - 131727. What is h(-11)?
9
Let i(a) = 3*a**2 - 3624*a - 55036. What is i(-15)?
-1
Let q(d) = 27*d**3 - 31*d**2 + 50*d - 21. Give q(1).
25
Let l(n) = -13*n**3 + 1513*n**2 + 6081*n - 10. What is l(-4)?
706
Let q(l) = -l**3 - 212*l**2 + 12169*l + 182. Give q(47).
-6
Let p(w) = -w**3 + 425*w**2 - 1517*w + 105948. Give p(422).
26
Let w(m) = -527*m - 7705. Give w(-14).
-327
Let q(f) = -3*f**2 + 880*f + 52241. Give q(344).
-47
Let r(i) = i**3 - 589*i**2 - 27855*i - 49. Determine r(-44).
83
Let p(j) = 75*j - 472. What is p(11)?
353
Let k(z) = 136*z**2 - 4431*z - 57912. Give k(-10).
-2
Let u(d) = -d**2 - 62*d - 1024. Calculate u(-32).
-64
Let v(t) = 8421*t - 54137. Determine v(7).
4810
Let t(g) = -51*g + 2634. Give t(23).
1461
Let w(n) = 122*n**2 + 4048*n - 354. Calculate w(-33).
-1080
Let s(f) = -f**2 - 1583*f + 32075. Determine s(20).
15
Let k(y) = 405*y**2 + 12192*y + 1263. Determine k(-30).
3
Let t(o) = -o**3 - 125*o**2 - 369*o - 320. Calculate t(-122).
46
Let y(k) = -67*k**2 - 2376*k + 46. Calculate y(-35).
1131
Let g(l) = 389*l**2 - 6655*l + 81. What is g(17)?
-633
Let a(p) = p**3 - 717*p**2 + 99448*p + 729. Determine a(188).
-23
Let t(s) = -2911*s + 462556. Determine t(159).
-293
Let m(q) = 24350*q - 48702. Calculate m(2).
-2
Let m(y) = 39*y**2 + 102*y - 40. Give m(-8).
1640
Let i(x) = -8*x**2 - 6028*x + 61112. What is i(10)?
32
Let y(w) = -10621*w - 31857. What is y(-3)?
6
Let t(x) = 394*x + 109143. What is t(-277)?
5
Let h(o) = -o**3 + 19*o**2 + 367*o - 1112. Give h(30).
-2
Let g(m) = -2*m**2 + 933*m - 18656. Calculate g(21).
55
Let f(b) = 908*b + 9112. Calculate f(-10).
32
Let d(r) = -r**3 + 20*r**2 + 161*r - 3284. Calculate d(17).
320
Let x(i) = 14*i**2 + 1561*i - 3840. Determine x(-114).
150
Let u(q) = -q**2 + 2150*q + 4903. What is u(0)?
4903
Let m(i) = 2*i**2 - 161*i - 20414. What is m(146)?
-1288
Let m(p) = -10*p**3 - 36*p**2 - 73*p. What is m(-5)?
715
Let k(a) = -5*a - 431. Determine k(-49).
-186
Let m(a) = -64*a**2 - 308*a + 79. Calculate m(0).
79
Let z(c) = 8*c**2 - 411*c + 972. What is z(49)?
41
Let h(q) = 140*q**2 - 3050*q - 466. Give h(22).
194
Let n(m) = -m**2 + 3654*m - 50946. Give n(14).
14
Let z(y) = 9018*y + 441894. Determine z(-49).
12
Let q(r) = -r**3 - 118*r**2 - 2926*r + 163. Calculate q(-82).
-1969
Let s(n) = -93*n**2 + 2327*n - 53. What is s(25)?
-3
Let a(h) = -17710*h - 194815. What is a(-11)?
-5
Let f(v) = -9*v**3 - 98*v**2 + 161*v + 1615. Give f(-11).
-35
Let t(j) = -5*j**2 - 630*j - 12215. What is t(-102)?
25
Let t(d) = -3*d**3 - 241*d**2 - 2022*d + 5. Give t(-8).
2293
Let c(l) = -27*l**3 - 3*l**2 + 23*l + 10. What is c(3)?
-677
Let a(o) = 2*o**2 - 31715*o - 603304. Give a(-19).
3
Let a(q) = -2*q**2 - 18*q + 356. Calculate a(28).
-1716
Let j(b) = -6*b**3 - 11*b**2 + 108*b + 394. Determine j(-7).
1157
Let s(a) = -a**2 - 132*a - 3969. What is s(-51)?
162
Let y(c) = 107*c**2 - 2641*c - 3671. Determine y(26).
-5
Let s(m) = 47022*m - 141070. What is s(3)?
-4
Let j(p) = 2*p**3 + 143*p**2 + 192*p - 1180. Give j(-70).
80
Let x(w) = 2*w**3 + 669*w**2 + 894*w - 34940. Calculate x(-333).
25
Let q(u) = 119*u**3 + 1344*u**2 - 1012*u - 48. What is q(-12)?
0
Let k(y) = 74*y**2 - 1795*y + 440. What is k(24)?
-16
Let q(f) = f**3 - 1027*f + 1226. Calculate q(0).
1226
Let z(w) = -4*w**3 + 19*w**2 + 339*w + 7. Determine z(12).
-101
Let a(i) = 210*i + 32175. Calculate a(-153).
45
Let l(j) = 87*j + 6352. Calculate l(-87).
-1217
Let c(b) = 7*b**2 + 469*b + 6953. Give c(-44).
-131
Let w(z) = -2*z**2 - 14212*z - 156257. Give w(-11).
-167
Let h(k) = 422039*k - 1266109. Determine h(3).
8
Let g(l) = -l**2 - 24*l - 186. Determine g(-28).
-298
Let d(q) = -56*q - 850. What is d(6)?
-1186
Let j(h) = -h**2 - 7427*h + 74384. Calculate j(10).
14
Let p(x) = 61112*x - 183319. Give p(3).
17
Let w(s) = -2979*s - 1236262. Determine w(-415).
23
Let r(m) = -104*m**3 - 2*m**2 + 169*m - 168. What is r(1)?
-105
Let x(w) = 6196*w - 17511. Calculate x(3).
1077
Let u(i) = -32618*i - 228328. Determine u(-7).
-2
Let h(y) = -16*y**3 - 71*y**2 - 38*y - 161. Determine h(-4).
-121
Let a(w) = -49*w**2 - 4131*w - 4068. What is a(-1)?
14
Let j(h) = -7*h**2 + 62*h + 74. Give j(-11).
-1455
Let a(d) = 2*d**2 - 137*d - 14662. What is a(108)?
-6130
Let j(g) = 193*g**2 - 1146*g + 19. Give j(6).
91
Let z(d) = 2*d**2 + 217*d - 24002. What is z(68)?
2
Let i(k) = k**3 - 391*k**2 + 779*k + 1659. Calculate i(389).
2048
Let l(h) = -h**3 + 38*h**2 - 241*h - 653. What is l(29)?
-73
Let i(p) = -4*p**2 - 4721*p - 60680. What is i(-13)?
17
Let r(y) = 4163*y - 95724. Give r(23).
25
Let y(k) = 12*k**3 + 61*k**2 + 16*k - 43. Determine y(-5).
-98
Let d(h) = -3*h**3 + 227*h**2 + 274*h + 2578. Give d(77).
-40
Let r(u) = -4348*u + 169626. What is r(39)?
54
Let p(g) = -71*g + 2234. What is p(35)?
-251
Let i(j) = 33120*j + 66237. Determine i(-2).
-3
Let z(y) = 244*y**2 - 38565*y + 2252. Calculate z(158).
198
Let z(r) = r**3 - 85*r**2 + 852*r + 222. What is z(12)?
-66
Let u(n) = n**3 - 25*n**2 - 106*n + 2456. Give u(24).
-664
Let n(g) = -113*g**3 - 1694*g**2 + 21*g + 26. Determine n(-15).
-64
Let m(g) = g**3 - 1510*g**2 - 9291*g - 1183. Deter